{"id":90,"date":"2017-01-19T15:18:00","date_gmt":"2017-01-19T17:18:00","guid":{"rendered":"http:\/\/harasadal.com.br\/site\/?page_id=90"},"modified":"2020-10-13T21:29:25","modified_gmt":"2020-10-14T00:29:25","slug":"escola-haras-adal","status":"publish","type":"page","link":"http:\/\/harasadal.com.br\/site\/escola-haras-adal\/","title":{"rendered":"ESCOLA HARAS ADAL"},"content":{"rendered":"<p>A <strong>Escola de Equita\u00e7\u00e3o do Haras Adal<\/strong> atende adultos e crian\u00e7as (a partir de 6 anos), com ou sem conhecimento sobre equita\u00e7\u00e3o.<\/p>\n<p>Nossos professores s\u00e3o especializados, homologados e com mais de 20 anos de experi\u00eancia na \u00e1rea. Orientam seus alunos garantindo o m\u00e1ximo de aproveitamento em cada aula.<\/p>\n<p>A Escola disp\u00f5e de animais d\u00f3ceis e equipamentos adequados. Al\u00e9m disso, o Haras Adal oferece infraestrutura diferenciada que inclui picadeiro coberto, duas pistas de salto, cantina, amplos piquetes, cocheiras adequadas, ducha, guia coberta, tratadores experientes e instala\u00e7\u00f5es ideais para o bom funcionamento.<\/p>\n<p>Nosso objetivo \u00e9 ensinar a arte da equita\u00e7\u00e3o focada no adestramento e no hipismo, n\u00e3o apenas o andar a cavalo. Para isso, organizamos provas internas incentivando sempre nossos alunos a participarem. Todos s\u00e3o preparados para se tornar cavaleiros e amazonas aptos a participarem de competi\u00e7\u00f5es estaduais e nacionais.<\/p>\n<p>Hor\u00e1rio de funcionamento: de ter\u00e7a-feira a s\u00e1bado, das 8h \u00e0s 17h, com op\u00e7\u00e3o de 1, 2 ou 3 aulas por semana.<\/p>\n<p>Professor: Gilmar Mendes (Kiko).<\/p>\n<p>Venha fazer uma aula experimental e conhe\u00e7a os benef\u00edcios que a nossa equita\u00e7\u00e3o proporciona:<\/p>\n<p>\u00b7 Melhora o equil\u00edbrio e a postura;<\/p>\n<p>\u00b7 Ajuda a superar fobias;<\/p>\n<p>\u00b7 Estimula as fun\u00e7\u00f5es t\u00e1teis, visuais, auditivas e afetivas;<\/p>\n<p>\u00b7 Ensina a import\u00e2ncia de conceitos como a disciplina e a seguran\u00e7a;<\/p>\n<p>\u00b7 Desenvolve a coordena\u00e7\u00e3o de movimentos entre tronco, membros e vis\u00e3o;<\/p>\n<p>\u00b7 Estimula a afetividade pelo contato com o cavalo;<\/p>\n<p>\u00b7 Motiva o aprendizado;<\/p>\n<p>\u00b7 Aumenta a autoestima;<\/p>\n<p>\u00b7 Promove a sensa\u00e7\u00e3o de bem-estar.<\/p>\n<p>No Haras Adal, seu encontro \u00e9 com a natureza, ar puro, animais nativos da nossa fauna e principalmente lindos cavalos, um local ideal para aprender muito sobre equita\u00e7\u00e3o e descansar do estresse di\u00e1rio. Isso tudo, localizado a apenas 15 minutos de Curitiba.<\/p>\n<blockquote><p><strong>Para fazer uma aula experimental, agende (41) 3621-2225 ou (41) 99596-6195.<\/strong><\/p><\/blockquote>\n","protected":false},"excerpt":{"rendered":"<p>A Escola de Equita\u00e7\u00e3o do Haras Adal atende adultos e crian\u00e7as (a partir de 6 anos), com ou sem conhecimento sobre equita\u00e7\u00e3o. Nossos professores s\u00e3o especializados, homologados e com mais de 20 anos de experi\u00eancia na \u00e1rea. Orientam seus alunos garantindo o m\u00e1ximo de aproveitamento em cada aula. A Escola disp\u00f5e de animais d\u00f3ceis e [&hellip;]<\/p>\n","protected":false},"author":1,"featured_media":0,"parent":0,"menu_order":0,"comment_status":"closed","ping_status":"closed","template":"","meta":{"jetpack_post_was_ever_published":false},"jetpack_sharing_enabled":true,"jetpack_shortlink":"https:\/\/wp.me\/P8C6Mi-1s","_links":{"self":[{"href":"http:\/\/harasadal.com.br\/site\/wp-json\/wp\/v2\/pages\/90"}],"collection":[{"href":"http:\/\/harasadal.com.br\/site\/wp-json\/wp\/v2\/pages"}],"about":[{"href":"http:\/\/harasadal.com.br\/site\/wp-json\/wp\/v2\/types\/page"}],"author":[{"embeddable":true,"href":"http:\/\/harasadal.com.br\/site\/wp-json\/wp\/v2\/users\/1"}],"replies":[{"embeddable":true,"href":"http:\/\/harasadal.com.br\/site\/wp-json\/wp\/v2\/comments?post=90"}],"version-history":[{"count":5,"href":"http:\/\/harasadal.com.br\/site\/wp-json\/wp\/v2\/pages\/90\/revisions"}],"predecessor-version":[{"id":858,"href":"http:\/\/harasadal.com.br\/site\/wp-json\/wp\/v2\/pages\/90\/revisions\/858"}],"wp:attachment":[{"href":"http:\/\/harasadal.com.br\/site\/wp-json\/wp\/v2\/media?parent=90"}],"curies":[{"name":"wp","href":"https:\/\/api.w.org\/{rel}","templated":true}]}}

<p>A <strong>Escola de Equitação do Haras Adal</strong> atende adultos e crianças (a partir de 6 anos), com ou sem conhecimento sobre equitação.</p>
<p>Nossos professores são especializados, homologados e com mais de 20 anos de experiência na área. Orientam seus alunos garantindo o máximo de aproveitamento em cada aula.</p>
<p>A Escola dispõe de animais dóceis e equipamentos adequados. Além disso, o Haras Adal oferece infraestrutura diferenciada que inclui picadeiro coberto, duas pistas de salto, cantina, amplos piquetes, cocheiras adequadas, ducha, guia coberta, tratadores experientes e instalações ideais para o bom funcionamento.</p>
<p>Nosso objetivo é ensinar a arte da equitação focada no adestramento e no hipismo, não apenas o andar a cavalo. Para isso, organizamos provas internas incentivando sempre nossos alunos a participarem. Todos são preparados para se tornar cavaleiros e amazonas aptos a participarem de competições estaduais e nacionais.</p>
<p>Horário de funcionamento: de terça-feira a sábado, das 8h às 17h, com opção de 1, 2 ou 3 aulas por semana.</p>
<p>Professor: Gilmar Mendes (Kiko).</p>
<p>Venha fazer uma aula experimental e conheça os benefícios que a nossa equitação proporciona:</p>
<p>· Melhora o equilíbrio e a postura;</p>
<p>· Ajuda a superar fobias;</p>
<p>· Estimula as funções táteis, visuais, auditivas e afetivas;</p>
<p>· Ensina a importância de conceitos como a disciplina e a segurança;</p>
<p>· Desenvolve a coordenação de movimentos entre tronco, membros e visão;</p>
<p>· Estimula a afetividade pelo contato com o cavalo;</p>
<p>· Motiva o aprendizado;</p>
<p>· Aumenta a autoestima;</p>
<p>· Promove a sensação de bem-estar.</p>
<p>No Haras Adal, seu encontro é com a natureza, ar puro, animais nativos da nossa fauna e principalmente lindos cavalos, um local ideal para aprender muito sobre equitação e descansar do estresse diário. Isso tudo, localizado a apenas 15 minutos de Curitiba.</p>
<blockquote><p><strong>Para fazer uma aula experimental, agende (41) 3621-2225 ou (41) 99596-6195.</strong></p></blockquote>

<p>A Escola de Equitação do Haras Adal atende adultos e crianças (a partir de 6 anos), com ou sem conhecimento sobre equitação. Nossos professores são especializados, homologados e com mais de 20 anos de experiência na área. Orientam seus alunos garantindo o máximo de aproveitamento em cada aula. A Escola dispõe de animais dóceis e [&hellip;]</p>
